{"id":5247,"date":"2023-06-30T21:42:45","date_gmt":"2023-06-30T21:42:45","guid":{"rendered":"https:\/\/directoriomedicodelistmo.com\/?page_id=5247"},"modified":"2023-12-22T17:42:31","modified_gmt":"2023-12-22T17:42:31","slug":"especialista-en-neumologia","status":"publish","type":"page","link":"https:\/\/directoriomedicodelistmo.com\/index.php\/especialista-en-neumologia\/","title":{"rendered":"Especialista en Neumolog\u00eda"},"content":{"rendered":"\t\t<div data-elementor-type=\"wp-page\" data-elementor-id=\"5247\" class=\"elementor elementor-5247\" data-elementor-post-type=\"page\">\n\t\t\t\t\t\t<section class=\"elementor-section elementor-top-section elementor-element elementor-element-257d6f6 elementor-section-boxed elementor-section-height-default elementor-section-height-default\" data-id=\"257d6f6\" data-element_type=\"section\">\n\t\t\t\t\t\t<div class=\"elementor-container elementor-column-gap-default\">\n\t\t\t\t\t<div class=\"elementor-column elementor-col-100 elementor-top-column elementor-element elementor-element-516718f\" data-id=\"516718f\" data-element_type=\"column\">\n\t\t\t<div class=\"elementor-widget-wrap elementor-element-populated\">\n\t\t\t\t\t\t<div class=\"elementor-element elementor-element-1ccc798 elementor-widget elementor-widget-image\" data-id=\"1ccc798\" data-element_type=\"widget\" data-widget_type=\"image.default\">\n\t\t\t\t<div class=\"elementor-widget-container\">\n\t\t\t\t\t\t\t\t\t\t\t\t\t\t\t\t<a href=\"https:\/\/bit.ly\/DrEliOmarZavaletaMartinez\">\n\t\t\t\t\t\t\t<img fetchpriority=\"high\" decoding=\"async\" width=\"948\" height=\"948\" src=\"https:\/\/directoriomedicodelistmo.com\/wp-content\/uploads\/2023\/12\/015-1.png\" class=\"attachment-large size-large wp-image-5822\" alt=\"\" srcset=\"https:\/\/directoriomedicodelistmo.com\/wp-content\/uploads\/2023\/12\/015-1.png 948w, https:\/\/directoriomedicodelistmo.com\/wp-content\/uploads\/2023\/12\/015-1-300x300.png 300w, https:\/\/directoriomedicodelistmo.com\/wp-content\/uploads\/2023\/12\/015-1-150x150.png 150w, https:\/\/directoriomedicodelistmo.com\/wp-content\/uploads\/2023\/12\/015-1-768x768.png 768w, https:\/\/directoriomedicodelistmo.com\/wp-content\/uploads\/2023\/12\/015-1-230x230.png 230w, https:\/\/directoriomedicodelistmo.com\/wp-content\/uploads\/2023\/12\/015-1-350x350.png 350w, https:\/\/directoriomedicodelistmo.com\/wp-content\/uploads\/2023\/12\/015-1-480x480.png 480w\" sizes=\"(max-width: 948px) 100vw, 948px\" \/>\t\t\t\t\t\t\t\t<\/a>\n\t\t\t\t\t\t\t\t\t\t\t\t\t\t\t<\/div>\n\t\t\t\t<\/div>\n\t\t\t\t\t<\/div>\n\t\t<\/div>\n\t\t\t\t\t<\/div>\n\t\t<\/section>\n\t\t\t\t<section class=\"elementor-section elementor-top-section elementor-element elementor-element-7b535c3e elementor-section-boxed elementor-section-height-default elementor-section-height-default\" data-id=\"7b535c3e\" data-element_type=\"section\">\n\t\t\t\t\t\t<div class=\"elementor-container elementor-column-gap-default\">\n\t\t\t\t\t<div class=\"elementor-column elementor-col-100 elementor-top-column elementor-element elementor-element-1c5b12e4\" data-id=\"1c5b12e4\" data-element_type=\"column\">\n\t\t\t<div class=\"elementor-widget-wrap elementor-element-populated\">\n\t\t\t\t\t\t<div class=\"elementor-element elementor-element-668dab2c elementor-widget elementor-widget-text-editor\" data-id=\"668dab2c\" data-element_type=\"widget\" data-widget_type=\"text-editor.default\">\n\t\t\t\t<div class=\"elementor-widget-container\">\n\t\t\t\t\t\t\t\t\t\n<div class=\"wp-block-columns is-layout-flex wp-container-core-columns-is-layout-9d6595d7 wp-block-columns-is-layout-flex\">\n<div class=\"wp-block-column is-layout-flow wp-block-column-is-layout-flow\">\n<figure class=\"wp-block-image size-large\"><a href=\"https:\/\/directoriomedicodelistmo.com\/index.php\/enrique-lopez-jimenez\/\"><img decoding=\"async\" width=\"884\" height=\"848\" src=\"https:\/\/directoriomedicodelistmo.com\/wp-content\/uploads\/2023\/06\/FDGG-1-884x848.jpg\" alt=\"\" class=\"wp-image-5248\" srcset=\"https:\/\/directoriomedicodelistmo.com\/wp-content\/uploads\/2023\/06\/FDGG-1.jpg 884w, https:\/\/directoriomedicodelistmo.com\/wp-content\/uploads\/2023\/06\/FDGG-1-768x736.jpg 768w, https:\/\/directoriomedicodelistmo.com\/wp-content\/uploads\/2023\/06\/FDGG-1-830x796.jpg 830w, https:\/\/directoriomedicodelistmo.com\/wp-content\/uploads\/2023\/06\/FDGG-1-230x220.jpg 230w, https:\/\/directoriomedicodelistmo.com\/wp-content\/uploads\/2023\/06\/FDGG-1-350x335.jpg 350w, https:\/\/directoriomedicodelistmo.com\/wp-content\/uploads\/2023\/06\/FDGG-1-480x460.jpg 480w\" sizes=\"(max-width: 884px) 100vw, 884px\" \/><\/a><figcaption class=\"wp-element-caption\"><a href=\"https:\/\/directoriomedicodelistmo.com\/index.php\/enrique-lopez-jimenez\/\" title=\"\">Dr. Enrique L\u00f3pez Jim\u00e9nez<br> Neum\u00f3logo <br>558-296-6054<\/a><\/figcaption><\/figure>\n\n\n\n<p><\/p>\n<\/div>\n\n\n\n<div class=\"wp-block-column is-layout-flow wp-block-column-is-layout-flow\"><\/div>\n\n\n\n<div class=\"wp-block-column is-layout-flow wp-block-column-is-layout-flow\"><\/div>\n<\/div>\n\t\t\t\t\t\t\t\t<\/div>\n\t\t\t\t<\/div>\n\t\t\t\t\t<\/div>\n\t\t<\/div>\n\t\t\t\t\t<\/div>\n\t\t<\/section>\n\t\t\t\t<\/div>\n\t\t","protected":false},"excerpt":{"rendered":"","protected":false},"author":2,"featured_media":0,"parent":0,"menu_order":0,"comment_status":"closed","ping_status":"closed","template":"","meta":{"footnotes":""},"class_list":["post-5247","page","type-page","status-publish","hentry"],"aioseo_notices":[],"_links":{"self":[{"href":"https:\/\/directoriomedicodelistmo.com\/index.php\/wp-json\/wp\/v2\/pages\/5247","targetHints":{"allow":["GET"]}}],"collection":[{"href":"https:\/\/directoriomedicodelistmo.com\/index.php\/wp-json\/wp\/v2\/pages"}],"about":[{"href":"https:\/\/directoriomedicodelistmo.com\/index.php\/wp-json\/wp\/v2\/types\/page"}],"author":[{"embeddable":true,"href":"https:\/\/directoriomedicodelistmo.com\/index.php\/wp-json\/wp\/v2\/users\/2"}],"replies":[{"embeddable":true,"href":"https:\/\/directoriomedicodelistmo.com\/index.php\/wp-json\/wp\/v2\/comments?post=5247"}],"version-history":[{"count":7,"href":"https:\/\/directoriomedicodelistmo.com\/index.php\/wp-json\/wp\/v2\/pages\/5247\/revisions"}],"predecessor-version":[{"id":5831,"href":"https:\/\/directoriomedicodelistmo.com\/index.php\/wp-json\/wp\/v2\/pages\/5247\/revisions\/5831"}],"wp:attachment":[{"href":"https:\/\/directoriomedicodelistmo.com\/index.php\/wp-json\/wp\/v2\/media?parent=5247"}],"curies":[{"name":"wp","href":"https:\/\/api.w.org\/{rel}","templated":true}]}}