{"id":325,"date":"2020-06-18T07:53:22","date_gmt":"2020-06-18T07:53:22","guid":{"rendered":"https:\/\/directoriomedicodelistmo.com\/?page_id=325"},"modified":"2022-03-16T23:30:39","modified_gmt":"2022-03-16T23:30:39","slug":"especialistas-en-gastroenterologia","status":"publish","type":"page","link":"https:\/\/directoriomedicodelistmo.com\/index.php\/especialistas-en-gastroenterologia\/","title":{"rendered":"Especialistas en Gastroenterologia"},"content":{"rendered":"\n<div class=\"wp-block-columns is-layout-flex wp-container-core-columns-is-layout-9d6595d7 wp-block-columns-is-layout-flex\">\n<div class=\"wp-block-column is-layout-flow wp-block-column-is-layout-flow\">\n<div class=\"wp-block-image\"><figure class=\"aligncenter size-large is-resized\"><img fetchpriority=\"high\" decoding=\"async\" src=\"https:\/\/directoriomedicodelistmo.com\/wp-content\/uploads\/2021\/01\/1-3-1024x1024.png\" alt=\"\" class=\"wp-image-1722\" width=\"276\" height=\"276\" srcset=\"https:\/\/directoriomedicodelistmo.com\/wp-content\/uploads\/2021\/01\/1-3-1024x1024.png 1024w, https:\/\/directoriomedicodelistmo.com\/wp-content\/uploads\/2021\/01\/1-3-300x300.png 300w, https:\/\/directoriomedicodelistmo.com\/wp-content\/uploads\/2021\/01\/1-3-150x150.png 150w, https:\/\/directoriomedicodelistmo.com\/wp-content\/uploads\/2021\/01\/1-3-768x768.png 768w, https:\/\/directoriomedicodelistmo.com\/wp-content\/uploads\/2021\/01\/1-3-1536x1536.png 1536w, https:\/\/directoriomedicodelistmo.com\/wp-content\/uploads\/2021\/01\/1-3.png 1895w, https:\/\/directoriomedicodelistmo.com\/wp-content\/uploads\/2021\/01\/1-3-830x830.png 830w, https:\/\/directoriomedicodelistmo.com\/wp-content\/uploads\/2021\/01\/1-3-230x230.png 230w, https:\/\/directoriomedicodelistmo.com\/wp-content\/uploads\/2021\/01\/1-3-350x350.png 350w, https:\/\/directoriomedicodelistmo.com\/wp-content\/uploads\/2021\/01\/1-3-480x480.png 480w\" sizes=\"(max-width: 276px) 100vw, 276px\" \/><figcaption><strong><a href=\"https:\/\/directoriomedicodelistmo.com\/index.php\/dr-medel-ligonio-blasi\/\">Dr. Medel Ligonio Blasi <br>971-71-1-13-42<\/a><\/strong><\/figcaption><\/figure><\/div>\n<\/div>\n\n\n\n<div class=\"wp-block-column is-layout-flow wp-block-column-is-layout-flow\">\n<div class=\"wp-block-image\"><figure class=\"aligncenter size-large is-resized\"><img decoding=\"async\" src=\"https:\/\/directoriomedicodelistmo.com\/wp-content\/uploads\/2020\/12\/1-10-900x900.jpg\" alt=\"\" class=\"wp-image-1571\" width=\"270\" height=\"270\" srcset=\"https:\/\/directoriomedicodelistmo.com\/wp-content\/uploads\/2020\/12\/1-10.jpg 900w, https:\/\/directoriomedicodelistmo.com\/wp-content\/uploads\/2020\/12\/1-10-300x300.jpg 300w, https:\/\/directoriomedicodelistmo.com\/wp-content\/uploads\/2020\/12\/1-10-150x150.jpg 150w, https:\/\/directoriomedicodelistmo.com\/wp-content\/uploads\/2020\/12\/1-10-768x768.jpg 768w, https:\/\/directoriomedicodelistmo.com\/wp-content\/uploads\/2020\/12\/1-10-830x830.jpg 830w, https:\/\/directoriomedicodelistmo.com\/wp-content\/uploads\/2020\/12\/1-10-230x230.jpg 230w, https:\/\/directoriomedicodelistmo.com\/wp-content\/uploads\/2020\/12\/1-10-350x350.jpg 350w, https:\/\/directoriomedicodelistmo.com\/wp-content\/uploads\/2020\/12\/1-10-480x480.jpg 480w\" sizes=\"(max-width: 270px) 100vw, 270px\" \/><figcaption><strong><a href=\"https:\/\/directoriomedicodelistmo.com\/index.php\/dr-hugo-castillejos-varela\/\">Dr. Hugo Castillejos Varela<br>972-722-03-81<\/a><\/strong><\/figcaption><\/figure><\/div>\n<\/div>\n\n\n\n<div class=\"wp-block-column is-layout-flow wp-block-column-is-layout-flow\">\n<div class=\"wp-block-image is-style-default\"><figure class=\"aligncenter size-large is-resized\"><img decoding=\"async\" src=\"https:\/\/directoriomedicodelistmo.com\/wp-content\/uploads\/2021\/01\/1-8-900x900.jpg\" alt=\"\" class=\"wp-image-1772\" width=\"272\" height=\"272\" srcset=\"https:\/\/directoriomedicodelistmo.com\/wp-content\/uploads\/2021\/01\/1-8.jpg 900w, https:\/\/directoriomedicodelistmo.com\/wp-content\/uploads\/2021\/01\/1-8-300x300.jpg 300w, https:\/\/directoriomedicodelistmo.com\/wp-content\/uploads\/2021\/01\/1-8-150x150.jpg 150w, https:\/\/directoriomedicodelistmo.com\/wp-content\/uploads\/2021\/01\/1-8-768x768.jpg 768w, https:\/\/directoriomedicodelistmo.com\/wp-content\/uploads\/2021\/01\/1-8-830x830.jpg 830w, https:\/\/directoriomedicodelistmo.com\/wp-content\/uploads\/2021\/01\/1-8-230x230.jpg 230w, https:\/\/directoriomedicodelistmo.com\/wp-content\/uploads\/2021\/01\/1-8-350x350.jpg 350w, https:\/\/directoriomedicodelistmo.com\/wp-content\/uploads\/2021\/01\/1-8-480x480.jpg 480w\" sizes=\"(max-width: 272px) 100vw, 272px\" \/><figcaption><a rel=\"noreferrer noopener\" href=\"https:\/\/directoriomedicodelistmo.com\/index.php\/dr-carlos-eduardo-farias-antonio\/\" target=\"_blank\">Dr. Carlos E. Far\u00edas Antonio<br>971-132-86-07<\/a><\/figcaption><\/figure><\/div>\n<\/div>\n<\/div>\n\n\n\n<div class=\"wp-block-columns is-layout-flex wp-container-core-columns-is-layout-9d6595d7 wp-block-columns-is-layout-flex\">\n<div class=\"wp-block-column is-layout-flow wp-block-column-is-layout-flow\">\n<p class=\"has-text-align-center\">Dr. Carlos Alonso Ruiz<br>971-71-1-17-04<\/p>\n<\/div>\n\n\n\n<div class=\"wp-block-column is-layout-flow wp-block-column-is-layout-flow\">\n<p class=\"has-text-align-center\">Dr. Pedro A. Mej\u00eda Ignacio<br>971-2-81-09-99<\/p>\n<\/div>\n\n\n\n<div class=\"wp-block-column is-layout-flow wp-block-column-is-layout-flow\">\n<p class=\"has-text-align-center\">Dr. Armando \u00c1ngel Altamirano Garc\u00eda<br>971-102-27-05<\/p>\n<\/div>\n<\/div>\n\n\n\n<div class=\"wp-block-columns is-layout-flex wp-container-core-columns-is-layout-9d6595d7 wp-block-columns-is-layout-flex\">\n<div class=\"wp-block-column is-layout-flow wp-block-column-is-layout-flow\"><\/div>\n\n\n\n<div class=\"wp-block-column is-layout-flow wp-block-column-is-layout-flow\"><\/div>\n\n\n\n<div class=\"wp-block-column is-layout-flow wp-block-column-is-layout-flow\"><\/div>\n<\/div>\n","protected":false},"excerpt":{"rendered":"<p>Dr. Carlos Alonso Ruiz971-71-1-17-04 Dr. Pedro A. Mej\u00eda Ignacio971-2-81-09-99 Dr. Armando \u00c1ngel Altamirano Garc\u00eda971-102-27-05<\/p>\n","protected":false},"author":1,"featured_media":0,"parent":0,"menu_order":0,"comment_status":"closed","ping_status":"closed","template":"page-templates\/page_fullwidth.php","meta":{"footnotes":""},"class_list":["post-325","page","type-page","status-publish","hentry"],"aioseo_notices":[],"_links":{"self":[{"href":"https:\/\/directoriomedicodelistmo.com\/index.php\/wp-json\/wp\/v2\/pages\/325","targetHints":{"allow":["GET"]}}],"collection":[{"href":"https:\/\/directoriomedicodelistmo.com\/index.php\/wp-json\/wp\/v2\/pages"}],"about":[{"href":"https:\/\/directoriomedicodelistmo.com\/index.php\/wp-json\/wp\/v2\/types\/page"}],"author":[{"embeddable":true,"href":"https:\/\/directoriomedicodelistmo.com\/index.php\/wp-json\/wp\/v2\/users\/1"}],"replies":[{"embeddable":true,"href":"https:\/\/directoriomedicodelistmo.com\/index.php\/wp-json\/wp\/v2\/comments?post=325"}],"version-history":[{"count":16,"href":"https:\/\/directoriomedicodelistmo.com\/index.php\/wp-json\/wp\/v2\/pages\/325\/revisions"}],"predecessor-version":[{"id":3127,"href":"https:\/\/directoriomedicodelistmo.com\/index.php\/wp-json\/wp\/v2\/pages\/325\/revisions\/3127"}],"wp:attachment":[{"href":"https:\/\/directoriomedicodelistmo.com\/index.php\/wp-json\/wp\/v2\/media?parent=325"}],"curies":[{"name":"wp","href":"https:\/\/api.w.org\/{rel}","templated":true}]}}