{"id":307,"date":"2020-06-18T07:44:18","date_gmt":"2020-06-18T07:44:18","guid":{"rendered":"https:\/\/directoriomedicodelistmo.com\/?page_id=307"},"modified":"2023-12-22T17:41:42","modified_gmt":"2023-12-22T17:41:42","slug":"doctores-en-matias-romero","status":"publish","type":"page","link":"https:\/\/directoriomedicodelistmo.com\/index.php\/doctores-en-matias-romero\/","title":{"rendered":"Doctores en Matias Romero"},"content":{"rendered":"\t\t<div data-elementor-type=\"wp-page\" data-elementor-id=\"307\" class=\"elementor elementor-307\" data-elementor-post-type=\"page\">\n\t\t\t\t\t\t<section class=\"elementor-section elementor-top-section elementor-element elementor-element-6bde7a0 elementor-section-boxed elementor-section-height-default elementor-section-height-default\" data-id=\"6bde7a0\" data-element_type=\"section\">\n\t\t\t\t\t\t<div class=\"elementor-container elementor-column-gap-default\">\n\t\t\t\t\t<div class=\"elementor-column elementor-col-100 elementor-top-column elementor-element elementor-element-b06eff2\" data-id=\"b06eff2\" data-element_type=\"column\">\n\t\t\t<div class=\"elementor-widget-wrap elementor-element-populated\">\n\t\t\t\t\t\t<div class=\"elementor-element elementor-element-d196e14 elementor-widget elementor-widget-image\" data-id=\"d196e14\" data-element_type=\"widget\" data-widget_type=\"image.default\">\n\t\t\t\t<div class=\"elementor-widget-container\">\n\t\t\t\t\t\t\t\t\t\t\t\t\t\t\t\t<a href=\"https:\/\/bit.ly\/DrEliOmarZavaletaMartinez\">\n\t\t\t\t\t\t\t<img fetchpriority=\"high\" decoding=\"async\" width=\"948\" height=\"948\" src=\"https:\/\/directoriomedicodelistmo.com\/wp-content\/uploads\/2023\/12\/015-1.png\" class=\"attachment-large size-large wp-image-5822\" alt=\"\" srcset=\"https:\/\/directoriomedicodelistmo.com\/wp-content\/uploads\/2023\/12\/015-1.png 948w, https:\/\/directoriomedicodelistmo.com\/wp-content\/uploads\/2023\/12\/015-1-300x300.png 300w, https:\/\/directoriomedicodelistmo.com\/wp-content\/uploads\/2023\/12\/015-1-150x150.png 150w, https:\/\/directoriomedicodelistmo.com\/wp-content\/uploads\/2023\/12\/015-1-768x768.png 768w, https:\/\/directoriomedicodelistmo.com\/wp-content\/uploads\/2023\/12\/015-1-230x230.png 230w, https:\/\/directoriomedicodelistmo.com\/wp-content\/uploads\/2023\/12\/015-1-350x350.png 350w, https:\/\/directoriomedicodelistmo.com\/wp-content\/uploads\/2023\/12\/015-1-480x480.png 480w\" sizes=\"(max-width: 948px) 100vw, 948px\" \/>\t\t\t\t\t\t\t\t<\/a>\n\t\t\t\t\t\t\t\t\t\t\t\t\t\t\t<\/div>\n\t\t\t\t<\/div>\n\t\t\t\t\t<\/div>\n\t\t<\/div>\n\t\t\t\t\t<\/div>\n\t\t<\/section>\n\t\t\t\t<section class=\"elementor-section elementor-top-section elementor-element elementor-element-73999a8c elementor-section-boxed elementor-section-height-default elementor-section-height-default\" data-id=\"73999a8c\" data-element_type=\"section\">\n\t\t\t\t\t\t<div class=\"elementor-container elementor-column-gap-default\">\n\t\t\t\t\t<div class=\"elementor-column elementor-col-100 elementor-top-column elementor-element elementor-element-55d98f85\" data-id=\"55d98f85\" data-element_type=\"column\">\n\t\t\t<div class=\"elementor-widget-wrap elementor-element-populated\">\n\t\t\t\t\t\t<div class=\"elementor-element elementor-element-22e2ad30 elementor-widget elementor-widget-text-editor\" data-id=\"22e2ad30\" data-element_type=\"widget\" data-widget_type=\"text-editor.default\">\n\t\t\t\t<div class=\"elementor-widget-container\">\n\t\t\t\t\t\t\t\t\t\n<div class=\"wp-block-columns is-layout-flex wp-container-core-columns-is-layout-9d6595d7 wp-block-columns-is-layout-flex\">\n<div class=\"wp-block-column is-layout-flow wp-block-column-is-layout-flow\">\n<div class=\"wp-block-image\"><figure class=\"aligncenter size-large is-resized\"><img decoding=\"async\" src=\"https:\/\/directoriomedicodelistmo.com\/wp-content\/uploads\/2020\/12\/1-10-900x900.jpg\" alt=\"\" class=\"wp-image-1571\" width=\"282\" height=\"282\" srcset=\"https:\/\/directoriomedicodelistmo.com\/wp-content\/uploads\/2020\/12\/1-10.jpg 900w, https:\/\/directoriomedicodelistmo.com\/wp-content\/uploads\/2020\/12\/1-10-300x300.jpg 300w, https:\/\/directoriomedicodelistmo.com\/wp-content\/uploads\/2020\/12\/1-10-150x150.jpg 150w, https:\/\/directoriomedicodelistmo.com\/wp-content\/uploads\/2020\/12\/1-10-768x768.jpg 768w, https:\/\/directoriomedicodelistmo.com\/wp-content\/uploads\/2020\/12\/1-10-830x830.jpg 830w, https:\/\/directoriomedicodelistmo.com\/wp-content\/uploads\/2020\/12\/1-10-230x230.jpg 230w, https:\/\/directoriomedicodelistmo.com\/wp-content\/uploads\/2020\/12\/1-10-350x350.jpg 350w, https:\/\/directoriomedicodelistmo.com\/wp-content\/uploads\/2020\/12\/1-10-480x480.jpg 480w\" sizes=\"(max-width: 282px) 100vw, 282px\" \/><figcaption><strong><a href=\"https:\/\/directoriomedicodelistmo.com\/index.php\/dr-hugo-castillejos-varela\/\">Dr Hugo Castillejos Varela<br>Gastroenterologo<br>972-722-03-81<\/a><\/strong><\/figcaption><\/figure><\/div>\n<\/div>\n\n\n\n<div class=\"wp-block-column is-layout-flow wp-block-column-is-layout-flow\">\n<div class=\"wp-block-image\"><figure class=\"aligncenter size-large is-resized\"><img decoding=\"async\" src=\"https:\/\/directoriomedicodelistmo.com\/wp-content\/uploads\/2020\/12\/1-11-900x900.jpg\" alt=\"\" class=\"wp-image-1597\" width=\"282\" height=\"282\" srcset=\"https:\/\/directoriomedicodelistmo.com\/wp-content\/uploads\/2020\/12\/1-11.jpg 900w, https:\/\/directoriomedicodelistmo.com\/wp-content\/uploads\/2020\/12\/1-11-300x300.jpg 300w, https:\/\/directoriomedicodelistmo.com\/wp-content\/uploads\/2020\/12\/1-11-150x150.jpg 150w, https:\/\/directoriomedicodelistmo.com\/wp-content\/uploads\/2020\/12\/1-11-768x768.jpg 768w, https:\/\/directoriomedicodelistmo.com\/wp-content\/uploads\/2020\/12\/1-11-830x830.jpg 830w, https:\/\/directoriomedicodelistmo.com\/wp-content\/uploads\/2020\/12\/1-11-230x230.jpg 230w, https:\/\/directoriomedicodelistmo.com\/wp-content\/uploads\/2020\/12\/1-11-350x350.jpg 350w, https:\/\/directoriomedicodelistmo.com\/wp-content\/uploads\/2020\/12\/1-11-480x480.jpg 480w\" sizes=\"(max-width: 282px) 100vw, 282px\" \/><figcaption><strong><a href=\"https:\/\/directoriomedicodelistmo.com\/index.php\/dra-mayra-natalia-camacho\/\">Dra. Mayra Natalia Camacho Sevilla<br>Ginec\u00f3logo<br>972-722-03-81<\/a><\/strong><\/figcaption><\/figure><\/div>\n<\/div>\n\n\n\n<div class=\"wp-block-column is-layout-flow wp-block-column-is-layout-flow\">\n<div class=\"wp-block-image\"><figure class=\"aligncenter size-large is-resized\"><img loading=\"lazy\" decoding=\"async\" src=\"https:\/\/directoriomedicodelistmo.com\/wp-content\/uploads\/2021\/11\/1-1-900x900.png\" alt=\"\" class=\"wp-image-2685\" width=\"291\" height=\"291\" srcset=\"https:\/\/directoriomedicodelistmo.com\/wp-content\/uploads\/2021\/11\/1-1.png 900w, https:\/\/directoriomedicodelistmo.com\/wp-content\/uploads\/2021\/11\/1-1-300x300.png 300w, https:\/\/directoriomedicodelistmo.com\/wp-content\/uploads\/2021\/11\/1-1-150x150.png 150w, https:\/\/directoriomedicodelistmo.com\/wp-content\/uploads\/2021\/11\/1-1-768x768.png 768w, https:\/\/directoriomedicodelistmo.com\/wp-content\/uploads\/2021\/11\/1-1-830x830.png 830w, https:\/\/directoriomedicodelistmo.com\/wp-content\/uploads\/2021\/11\/1-1-230x230.png 230w, https:\/\/directoriomedicodelistmo.com\/wp-content\/uploads\/2021\/11\/1-1-350x350.png 350w, https:\/\/directoriomedicodelistmo.com\/wp-content\/uploads\/2021\/11\/1-1-480x480.png 480w\" sizes=\"(max-width: 291px) 100vw, 291px\" \/><figcaption><a href=\"https:\/\/directoriomedicodelistmo.com\/index.php\/dra-ella-castillejos-lopez\/\">Dra. Ella Castillejos L\u00f3pez<br>Gariatra\/Geront\u00f3logo <br>971-137-03-84 <\/a><\/figcaption><\/figure><\/div>\n<\/div>\n<\/div>\n\n\n\n<div class=\"wp-block-columns is-layout-flex wp-container-core-columns-is-layout-9d6595d7 wp-block-columns-is-layout-flex\">\n<div class=\"wp-block-column is-layout-flow wp-block-column-is-layout-flow\">\n<div class=\"wp-block-image\"><figure class=\"aligncenter size-large is-resized\"><img loading=\"lazy\" decoding=\"async\" src=\"https:\/\/directoriomedicodelistmo.com\/wp-content\/uploads\/2020\/12\/1-7-900x900.jpg\" alt=\"\" class=\"wp-image-1542\" width=\"289\" height=\"289\" srcset=\"https:\/\/directoriomedicodelistmo.com\/wp-content\/uploads\/2020\/12\/1-7.jpg 900w, https:\/\/directoriomedicodelistmo.com\/wp-content\/uploads\/2020\/12\/1-7-300x300.jpg 300w, https:\/\/directoriomedicodelistmo.com\/wp-content\/uploads\/2020\/12\/1-7-150x150.jpg 150w, https:\/\/directoriomedicodelistmo.com\/wp-content\/uploads\/2020\/12\/1-7-768x768.jpg 768w, https:\/\/directoriomedicodelistmo.com\/wp-content\/uploads\/2020\/12\/1-7-830x830.jpg 830w, https:\/\/directoriomedicodelistmo.com\/wp-content\/uploads\/2020\/12\/1-7-230x230.jpg 230w, https:\/\/directoriomedicodelistmo.com\/wp-content\/uploads\/2020\/12\/1-7-350x350.jpg 350w, https:\/\/directoriomedicodelistmo.com\/wp-content\/uploads\/2020\/12\/1-7-480x480.jpg 480w\" sizes=\"(max-width: 289px) 100vw, 289px\" \/><figcaption><strong><a href=\"https:\/\/directoriomedicodelistmo.com\/index.php\/dr-jafir-gomez-ruiz\/\">Dr. Jafir G\u00f3mez Ruiz<br>Radiol\u00f3go intervencionista<br>222-670-82-32<\/a> <\/strong><\/figcaption><\/figure><\/div>\n<\/div>\n\n\n\n<div class=\"wp-block-column is-layout-flow wp-block-column-is-layout-flow\">\n<div class=\"wp-block-image\"><figure class=\"aligncenter size-large is-resized\"><img loading=\"lazy\" decoding=\"async\" src=\"https:\/\/directoriomedicodelistmo.com\/wp-content\/uploads\/2020\/12\/1-8-900x900.jpg\" alt=\"\" class=\"wp-image-1551\" width=\"259\" height=\"259\" srcset=\"https:\/\/directoriomedicodelistmo.com\/wp-content\/uploads\/2020\/12\/1-8.jpg 900w, https:\/\/directoriomedicodelistmo.com\/wp-content\/uploads\/2020\/12\/1-8-300x300.jpg 300w, https:\/\/directoriomedicodelistmo.com\/wp-content\/uploads\/2020\/12\/1-8-150x150.jpg 150w, https:\/\/directoriomedicodelistmo.com\/wp-content\/uploads\/2020\/12\/1-8-768x768.jpg 768w, https:\/\/directoriomedicodelistmo.com\/wp-content\/uploads\/2020\/12\/1-8-830x830.jpg 830w, https:\/\/directoriomedicodelistmo.com\/wp-content\/uploads\/2020\/12\/1-8-230x230.jpg 230w, https:\/\/directoriomedicodelistmo.com\/wp-content\/uploads\/2020\/12\/1-8-350x350.jpg 350w, https:\/\/directoriomedicodelistmo.com\/wp-content\/uploads\/2020\/12\/1-8-480x480.jpg 480w\" sizes=\"(max-width: 259px) 100vw, 259px\" \/><figcaption><strong><a href=\"https:\/\/directoriomedicodelistmo.com\/index.php\/dra-sandra-stephanie-lopez-vega\/\">Dra. Sandra Stephani L\u00f3pez Vega<br>Otorrinolaring\u00f3logo<br>222-192-35-39<\/a><\/strong> <\/figcaption><\/figure><\/div>\n<\/div>\n\n\n\n<div class=\"wp-block-column is-layout-flow wp-block-column-is-layout-flow\">\n<div class=\"wp-block-image\"><figure class=\"aligncenter size-large is-resized\"><img loading=\"lazy\" decoding=\"async\" src=\"https:\/\/directoriomedicodelistmo.com\/wp-content\/uploads\/2021\/12\/1-900x900.png\" alt=\"\" class=\"wp-image-2764\" width=\"282\" height=\"282\" srcset=\"https:\/\/directoriomedicodelistmo.com\/wp-content\/uploads\/2021\/12\/1.png 900w, https:\/\/directoriomedicodelistmo.com\/wp-content\/uploads\/2021\/12\/1-300x300.png 300w, https:\/\/directoriomedicodelistmo.com\/wp-content\/uploads\/2021\/12\/1-150x150.png 150w, https:\/\/directoriomedicodelistmo.com\/wp-content\/uploads\/2021\/12\/1-768x768.png 768w, https:\/\/directoriomedicodelistmo.com\/wp-content\/uploads\/2021\/12\/1-830x830.png 830w, https:\/\/directoriomedicodelistmo.com\/wp-content\/uploads\/2021\/12\/1-230x230.png 230w, https:\/\/directoriomedicodelistmo.com\/wp-content\/uploads\/2021\/12\/1-350x350.png 350w, https:\/\/directoriomedicodelistmo.com\/wp-content\/uploads\/2021\/12\/1-480x480.png 480w\" sizes=\"(max-width: 282px) 100vw, 282px\" \/><figcaption><a href=\"https:\/\/directoriomedicodelistmo.com\/index.php\/dr-carlos-arturo-diaz-leon\/\"><strong>Dr. Carlos Arturo D\u00edaz Le\u00f3n<\/strong><br><strong>Ortopedista Pedi\u00e1trico<\/strong><br><strong>554-469 -49-92  <\/strong><\/a><\/figcaption><\/figure><\/div>\n<\/div>\n<\/div>\n\n\n\n<div class=\"wp-block-columns is-layout-flex wp-container-core-columns-is-layout-9d6595d7 wp-block-columns-is-layout-flex\">\n<div class=\"wp-block-column is-layout-flow wp-block-column-is-layout-flow\">\n<p class=\"has-text-align-center\">Dr. Alfredo Cruz M\u00e9ndez <br>M\u00e9dico General<br>972-722-13-69<\/p>\n<\/div>\n\n\n\n<div class=\"wp-block-column is-layout-flow wp-block-column-is-layout-flow\">\n<p class=\"has-text-align-center\">Dr. Cris Germ\u00e1n Medina Mota<br>M\u00e9dico General<br>972-722-06-43<br><\/p>\n<\/div>\n\n\n\n<div class=\"wp-block-column is-layout-flow wp-block-column-is-layout-flow\">\n<p class=\"has-text-align-center\">Dra. Antonia L\u00f3pez Avenda\u00f1o<br>M\u00e9dico General<br>972-722-22-27<\/p>\n<\/div>\n<\/div>\n\n\n\n<div class=\"wp-block-columns is-layout-flex wp-container-core-columns-is-layout-9d6595d7 wp-block-columns-is-layout-flex\">\n<div class=\"wp-block-column is-layout-flow wp-block-column-is-layout-flow\">\n<div class=\"wp-block-columns is-layout-flex wp-container-core-columns-is-layout-9d6595d7 wp-block-columns-is-layout-flex\">\n<div class=\"wp-block-column is-layout-flow wp-block-column-is-layout-flow\"><\/div>\n\n\n\n<div class=\"wp-block-column is-layout-flow wp-block-column-is-layout-flow\"><\/div>\n\n\n\n<div class=\"wp-block-column is-layout-flow wp-block-column-is-layout-flow\"><\/div>\n<\/div>\n<\/div>\n<\/div>\n\n\n\n<div class=\"wp-block-columns is-layout-flex wp-container-core-columns-is-layout-9d6595d7 wp-block-columns-is-layout-flex\">\n<div class=\"wp-block-column is-layout-flow wp-block-column-is-layout-flow\">\n<p class=\"has-text-align-center\">Dr. Jes\u00fas C\u00e1rdenas Salinas<br>Ginec\u00f3logo<br>972-722-26-59<\/p>\n<\/div>\n\n\n\n<div class=\"wp-block-column is-layout-flow wp-block-column-is-layout-flow\">\n<p class=\"has-text-align-center\">Dr. David Israel Ojeda Mendoza<br>Diagnostico por ultrasonido<br>972-722-30-71<br><\/p>\n<\/div>\n\n\n\n<div class=\"wp-block-column is-layout-flow wp-block-column-is-layout-flow\">\n<p class=\"has-text-align-center\">Dra. Maricela L\u00f3pez Obreg\u00f3n <br>Proct\u00f3logo<br>972-722-34-87<\/p>\n<\/div>\n<\/div>\n\n\n\n<div class=\"wp-block-columns is-layout-flex wp-container-core-columns-is-layout-9d6595d7 wp-block-columns-is-layout-flex\">\n<div class=\"wp-block-column is-layout-flow wp-block-column-is-layout-flow\">\n<p class=\"has-text-align-center\">Dra. Yolanda Ram\u00edrez Mijangos <br>M\u00e9dico Cirujano<br>972-722-25-08<\/p>\n<\/div>\n\n\n\n<div class=\"wp-block-column is-layout-flow wp-block-column-is-layout-flow\">\n<p class=\"has-text-align-center\">Dr. Armando Sebasti\u00e1n Antonio<br>M\u00e9dico Radi\u00f3logo<br>972-722-35-04<\/p>\n<\/div>\n\n\n\n<div class=\"wp-block-column is-layout-flow wp-block-column-is-layout-flow\">\n<p class=\"has-text-align-center\">Dr. Domitilo Vazquez Ru\u00edz <br>M\u00e9dico cirujano <br>972-722-03-91<\/p>\n<\/div>\n<\/div>\n\n\n\n<div class=\"wp-block-columns is-layout-flex wp-container-core-columns-is-layout-9d6595d7 wp-block-columns-is-layout-flex\">\n<div class=\"wp-block-column is-layout-flow wp-block-column-is-layout-flow\">\n<p class=\"has-text-align-center\">Dr. Mario Alejandro L\u00f3pez P\u00e9rez <br>Odont\u00f3logo<br>M\u00e9xico libre n.9<br><\/p>\n<\/div>\n\n\n\n<div class=\"wp-block-column is-layout-flow wp-block-column-is-layout-flow\">\n<p class=\"has-text-align-center\">Dr. Jos\u00e9 Montero A\u00f1orve<br>M\u00e9dico General<br>Calle Guerrero 401<br><\/p>\n<\/div>\n\n\n\n<div class=\"wp-block-column is-layout-flow wp-block-column-is-layout-flow\">\n<p class=\"has-text-align-center\">Gabriel Rom\u00e1n L\u00f3pez Vazquez <br>Otorrinolaring\u00f3logo <br>Reforma Sur 401<br><\/p>\n<\/div>\n<\/div>\n\n\n\n<div class=\"wp-block-columns is-layout-flex wp-container-core-columns-is-layout-9d6595d7 wp-block-columns-is-layout-flex\">\n<div class=\"wp-block-column is-layout-flow wp-block-column-is-layout-flow\">\n<p class=\"has-text-align-center\">Dr. Victor Hugo Aspiazu Angles <br>Otorrinolaring\u00f3logo<br>Hombres Ilustres 407<br><\/p>\n<\/div>\n\n\n\n<div class=\"wp-block-column is-layout-flow wp-block-column-is-layout-flow\">\n<p class=\"has-text-align-center\">Dr. Hugo Castillejos L\u00f3pez Lena<br>Cirujano pedi\u00e1trico <br>Hombres Ilustres 407<br><\/p>\n<\/div>\n\n\n\n<div class=\"wp-block-column is-layout-flow wp-block-column-is-layout-flow\">\n<p class=\"has-text-align-center\">Dra. Mar\u00eda Guadalupe Cuevas Ram\u00edrez <br>Ginec\u00f3logo<br>Hombres Ilustres 407<\/p>\n<\/div>\n<\/div>\n\n\n\n<div class=\"wp-block-columns is-layout-flex wp-container-core-columns-is-layout-9d6595d7 wp-block-columns-is-layout-flex\">\n<div class=\"wp-block-column is-layout-flow wp-block-column-is-layout-flow\">\n<p class=\"has-text-align-center\">Dra. Martha Yolanda L\u00f3pez Hernandez<br>Pediatra <br>Ayuntamiento 318, Juarez Norte<br><\/p>\n<\/div>\n\n\n\n<div class=\"wp-block-column is-layout-flow wp-block-column-is-layout-flow\">\n<p class=\"has-text-align-center\">Dra. Maria Virginia Antonieta Reyes Mani<br>Pediatra<br>Allende 512, Juarez Norte <br><\/p>\n<\/div>\n\n\n\n<div class=\"wp-block-column is-layout-flow wp-block-column-is-layout-flow\">\n<p class=\"has-text-align-center\">Dr. Jos\u00e9 Luis Aguilar Guerra<br>Internista <br>Guerrero 209<\/p>\n<\/div>\n<\/div>\n\n\n\n<div class=\"wp-block-columns is-layout-flex wp-container-core-columns-is-layout-9d6595d7 wp-block-columns-is-layout-flex\">\n<div class=\"wp-block-column is-layout-flow wp-block-column-is-layout-flow\">\n<p class=\"has-text-align-center\">Dra. Adela Ruiz Santiago <br>Pediatra<br>Ayuntamiento 525-C<br><\/p>\n<\/div>\n\n\n\n<div class=\"wp-block-column is-layout-flow wp-block-column-is-layout-flow\">\n<p class=\"has-text-align-center\">Dra. Benita Ana Ruiz Armas <br>Pediatra<br>Hombres Ilustres 315<br><\/p>\n<\/div>\n\n\n\n<div class=\"wp-block-column is-layout-flow wp-block-column-is-layout-flow\">\n<p class=\"has-text-align-center\">Dra. Elvira Arteaga God\u00ednez <br>Pediatra <br>Leandro Valle 2<br><\/p>\n<\/div>\n<\/div>\n\n\n\n<div class=\"wp-block-columns is-layout-flex wp-container-core-columns-is-layout-9d6595d7 wp-block-columns-is-layout-flex\">\n<div class=\"wp-block-column is-layout-flow wp-block-column-is-layout-flow\">\n<p class=\"has-text-align-center\">Dr. Lindorfo de J\u00e9sus C\u00e1rdenas Salinas <br>Ginec\u00f3logo <br>Guerrero 209<br><\/p>\n<\/div>\n\n\n\n<div class=\"wp-block-column is-layout-flow wp-block-column-is-layout-flow\">\n<p class=\"has-text-align-center\">Dr. Samuel Ram\u00edrez Pe\u00f1a<br>Internista<br>16 De Septiembre 311<\/p>\n<\/div>\n\n\n\n<div class=\"wp-block-column is-layout-flow wp-block-column-is-layout-flow\"><\/div>\n<\/div>\n\t\t\t\t\t\t\t\t<\/div>\n\t\t\t\t<\/div>\n\t\t\t\t\t<\/div>\n\t\t<\/div>\n\t\t\t\t\t<\/div>\n\t\t<\/section>\n\t\t\t\t<\/div>\n\t\t","protected":false},"excerpt":{"rendered":"<p>Dr. Alfredo Cruz M\u00e9ndez M\u00e9dico General972-722-13-69 Dr. Cris Germ\u00e1n Medina MotaM\u00e9dico General972-722-06-43 Dra. Antonia L\u00f3pez Avenda\u00f1oM\u00e9dico General972-722-22-27 Dr. Jes\u00fas C\u00e1rdenas SalinasGinec\u00f3logo972-722-26-59 Dr. [&hellip;]<\/p>\n","protected":false},"author":1,"featured_media":0,"parent":0,"menu_order":0,"comment_status":"closed","ping_status":"closed","template":"page-templates\/page_fullwidth.php","meta":{"footnotes":""},"class_list":["post-307","page","type-page","status-publish","hentry"],"aioseo_notices":[],"_links":{"self":[{"href":"https:\/\/directoriomedicodelistmo.com\/index.php\/wp-json\/wp\/v2\/pages\/307","targetHints":{"allow":["GET"]}}],"collection":[{"href":"https:\/\/directoriomedicodelistmo.com\/index.php\/wp-json\/wp\/v2\/pages"}],"about":[{"href":"https:\/\/directoriomedicodelistmo.com\/index.php\/wp-json\/wp\/v2\/types\/page"}],"author":[{"embeddable":true,"href":"https:\/\/directoriomedicodelistmo.com\/index.php\/wp-json\/wp\/v2\/users\/1"}],"replies":[{"embeddable":true,"href":"https:\/\/directoriomedicodelistmo.com\/index.php\/wp-json\/wp\/v2\/comments?post=307"}],"version-history":[{"count":34,"href":"https:\/\/directoriomedicodelistmo.com\/index.php\/wp-json\/wp\/v2\/pages\/307\/revisions"}],"predecessor-version":[{"id":5828,"href":"https:\/\/directoriomedicodelistmo.com\/index.php\/wp-json\/wp\/v2\/pages\/307\/revisions\/5828"}],"wp:attachment":[{"href":"https:\/\/directoriomedicodelistmo.com\/index.php\/wp-json\/wp\/v2\/media?parent=307"}],"curies":[{"name":"wp","href":"https:\/\/api.w.org\/{rel}","templated":true}]}}